- -4. Let t(d) = -2*d - 1. Let h be t(v). Let a(x) = -x**2 + 2*x + 4. Determine a(h).
-11
Suppose -4*k = -13*n + 20*n - 73, -k + 27 = 3*n. Let o(a) = 23*a - 98. Give o(k).
40
Let d(b) = -b + 19. Suppose 0 = -u + 3*q - 1, -3*u = -2*u - 2*q + 1. Let g(f) = -1. Let m(n) = u*d(n) - 4*g(n). Let j be m(15). Let s(k) = -k + 14. Give s(j).
14
Let i(t) = -t**2 + 2*t. Let d = 42 + -30. Let x be (18/24)/(3/d). What is i(x)?
-3
Let s(d) = -d**2 + 5*d + 4. Let g(f) = f - 13. Let b be 922/18 - (3 - (-50)/(-18)). Suppose 11 = -2*t + b. Let j be g(t). Determine s(j).
-10
Let f = -14848 + 14842. Let p(b) = -b**3 - 4*b**2 + b + 3. Determine p(f).
69
Let s(q) be the third derivative of -5*q**4/24 - 13*q**3/2 + 23*q**2. Let d be s(-11). Let h(p) = d - p + 7 - 20. Determine h(0).
3
Suppose 0 = -39*f + 40*f - 41. Let d(k) = 48*k - 1 - 86*k + f*k. Let y = -3 - -5. Give d(y).
5
Let c(q) be the third derivative of -q**6/120 - 3*q**5/10 - 2*q**4/3 - 3*q**3/2 + 21*q**2 - 37*q. Determine c(-17).
-26
Let q(u) = u + 5. Suppose -18*z = -81 + 9. Suppose 5*t - z = 6*t - 5*g, 3*t + 5*g - 28 = 0. Determine q(t).
11
Let m(p) = -p - 5. Let v be 1/(-3) - (22/33 + -1). Let d = -7 - v. Give m(d).
2
Suppose 8*d - 109 = -949. Let g = 113 + d. Let b(a) = -2*a + 17. Determine b(g).
1
Let q = -67409 + 67406. Let i(p) = -9*p**2 - p + 11. Let s(x) = 5*x**2 - 6. Let v(o) = -3*i(o) - 5*s(o). What is v(q)?
6
Let p(v) = -v - 19. Suppose 0 = r - 3*h + 18, 2*r - 36*h = -32*h - 30. What is p(r)?
-10
Let r(h) = -9*h**2 + 2*h + 9. Let v = 55 - 61. Let p(a) = -9*a**2 + 2*a + 11. Let j(o) = v*r(o) + 5*p(o). Let d be -1*(-1 - (2 + -2)). Determine j(d).
8
Let g(z) be the second derivative of z**6/120 - z**5/20 - z**4/8 - z**3 + 125*z**2/2 + 87*z. Let i(c) be the first derivative of g(c). Determine i(5).
29
Let r(m) = -3429*m + 10263*m - 3421*m - 3423*m. Let h(a) = -a**2 - 5*a - 1. Let c be h(-4). Calculate r(c).
-30
Let y(m) = -64*m - 654. Let j be y(-10). Let i(n) = -2*n - 26. Give i(j).
2
Let f(h) = -3*h**3 - 49*h**2 + 8*h + 7. Let m(l) = -l**3 - 26*l**2 + 2*l + 2. Let d(c) = f(c) - 4*m(c). What is d(-55)?
-1
Let k(x) be the first derivative of 1/24*x**4 + 0*x - 4*x**3 - 1/360*x**6 + 0*x**2 - 11 - 1/60*x**5. Let t(g) be the third derivative of k(g). Determine t(-5).
-14
Let t(u) = -3*u - 7*u + 5*u + 2*u**2 + 9*u. Suppose -232 = 5*f - 4*h, 0*f + 2*f + h = -98. Let r = f - -44. Give t(r).
16
Let q(s) = s**3 + 114*s**2 + 645*s - 13. Let t be q(-6). Let l(w) be the third derivative of w**5/60 - 5*w**4/24 + 4*w**3/3 + w**2. Give l(t).
8
Let y = -5727 - -5727. Let t(w) = w**2 + 9. Calculate t(y).
9
Suppose -5 - 3 = -4*i. Let u(s) be the third derivative of -s**5/60 - s**4/8 + s**3/6 - 136*s**2. Give u(i).
-9
Let c(b) be the third derivative of b**6/120 - 13*b**5/15 + 49*b**4/24 + 52*b**3/3 + 470*b**2. Give c(51).
2
Suppose 5*i + 3*k = -28, 3*i + 0*k = -k - 16. Let b(z) = 11*z + 74. Give b(i).
19
Let r(q) = -41*q + 13 + 10*q + 31*q + 4*q. What is r(7)?
41
Let q(p) be the third derivative of p**5/60 - 5*p**4/24 + p**3/2 - 12*p**2. Let k be q(5). Let b(z) = -2*z - 5 + 12 + 0*z + k*z. Calculate b(0).
7
Let x(o) = -8*o**2 + 0*o**2 + 10*o + 19 - o**2. Suppose 8*w + 145*w = -918. Let y(u) = -5*u**2 + 5*u + 10. Let r(q) = w*x(q) + 11*y(q). Give r(-4).
0
Let a be 3/7 - 102/238. Let q(j) = j**3 + j**2 + 4*j + 2. What is q(a)?
2
Let s be -15*2/(-6)*(-3)/(-5). Let n be s*1*(-19)/19. Let q(p) be the third derivative of -p**5/60 - p**4/12 + p**3/6 + 2*p**2. Give q(n).
-2
Let h(v) = -v**2 + 3*v + 10. Let x(i) = i**3 - 11*i**2 + 28*i + 3. Let a be x(3). Let f be (3/(-3))/((-20)/a)*8. What is h(f)?
-8
Let b(q) = 5*q - 12. Let d(f) = 23 - 24*f - 27*f + 57*f - 17*f. Let r(g) = 13*b(g) + 6*d(g). Give r(-8).
-10
Let y(m) be the first derivative of 7*m**4 - m**3/3 + m**2 - m - 601. Let s(i) = -i + 6. Let p be s(5). Determine y(p).
28
Let a(g) = 41*g + 453. Let c be a(-11). Let l(o) = -10*o + 12. Give l(c).
-8
Let m(n) = -5*n - 41. Suppose -5*a + 15*k = 17*k + 43, -3*k + 12 = -a. Determine m(a).
4
Let q(s) be the third derivative of -7*s**4/24 + s**3/6 + s**2. Let p(j) = j**2 - 3*j. Suppose 4*n - 5*t = 3, 3 = 2*n - t - 0*t. Let m be p(n). What is q(m)?
15
Let g(n) = 62*n**2 + 4*n - 9. Let y be g(4). Let w(d) = d**2 - d + 979 - y - 2*d**2. Suppose 0 = 3*x + x. Calculate w(x).
-20
Suppose 0 = 3*j + m, 0*j = 5*j + 4*m. Suppose j + 10 = 5*h. Let s(w) = 23*w**2 - 42*w**2 + 11 - 9*w + 20*w**h. Give s(8).
3
Let u(g) = -210 + 0*g + 208 + g**2 + g - 6*g. Let d be 0/(1 + 2) + 5. Suppose 1 - 28 = -d*w + i, i + 21 = 4*w. Give u(w).
4
Let x be (5 - 473/33)*18/(-42). Let l(w) = w**3 - 6*w**2 + 28*w - 78. Give l(x).
2
Suppose 5 = 2*c + 5*m, 4*c - m = -2*m + 1. Let f(p) = 11*p - 1 + 5 - 6*p**3 + 8*p**2 + c*p + 7*p**3. Determine f(-7).
-24
Let x = 30 + 6. Suppose 0 = 9*m - 5*m - x. Suppose -m*i - 7 = -8*i. Let c(a) = a**3 + 8*a**2 + 5*a - 5. Determine c(i).
9
Let t(w) = -2*w**2 + 13*w - 9. Let d = 9895 - 9888. What is t(d)?
-16
Let a(r) be the first derivative of -17*r**2/2 - 5*r + 3549. Determine a(2).
-39
Suppose 1553*d = 1299*d - 508. Let m(q) = -2 - 3*q - 2*q + 2*q. Calculate m(d).
4
Suppose -7*c + 9 = -1 - 11. Let u(b) be the first derivative of b - 12 - 1/3*b**c - 7/2*b**2. What is u(-7)?
1
Let i(m) = m + 3. Let k = 38 + 58. Suppose k*l = 103*l + 28. What is i(l)?
-1
Let d = 3 - 2. Let f(r) be the second derivative of 5*r**3/3 + 10243*r. What is f(d)?
10
Let z(x) = -x**3 - 2*x**2 - 3*x - 11. Let v = 3608 + -3608. What is z(v)?
-11
Let r(c) = -c**3 - 4*c**2 - 4*c - 7. Suppose 2*t = 3*l - 4, -11*t + 6*t - 33 = 4*l. Determine r(t).
38
Let b(g) = 30*g + 840. Let p(h) = 2*h + 59. Let c(s) = -8*b(s) + 110*p(s). What is c(-11)?
-10
Let q = 59116 + -59117. Let t(z) = z. Let k(l) = -16*l - 1. Let r(w) = k(w) - 3*t(w). Give r(q).
18
Suppose 24 = -3*s + 7*s. Let q(g) = g**2 - 20*g - 13. Let a be q(21). Let f(o) = -a*o + 1 + 7 + 13*o - 7*o. Give f(s).
-4
Let i(q) be the third derivative of -q**4/12 + 5*q**3/3 + 49*q**2 + 17*q. Calculate i(1).
8
Let u be 17*(-1 + 0)*2. Let a(f) = -10*f**3 - 37*f**2 + 7*f + 22. Let i be a(-4). Let k = i + u. Let m(n) = -n**3 + 9*n**2 - 8*n. What is m(k)?
0
Let q(y) = -3*y - 18. Suppose 26 - 39 = -2*b - 21. Determine q(b).
-6
Let p(v) = -v + 1. Suppose 2*d - 6 = -4*d. Let y(b) = -5*b - 2. Let l(g) = d*y(g) - 6*p(g). Let k(s) = 1. Let n(w) = 2*k(w) + l(w). Give n(7).
1
Let j(v) = -v**2 - 508 + 513 + 2*v**2 - 7*v + v + 0*v. Let u(g) = g + 14. Let h be u(-8). Calculate j(h).
5
Let z(r) = 2*r**3 - 3*r**2 - 4. Let a = 4081 - 4077. What is z(a)?
76
Let r(y) = -59*y + 7. Let h(g) = -17*g - 1. Let v(l) = -4*h(l) + r(l). Determine v(-9).
-70
Let j = -181 - -177. Let g(h) = 5*h**2 - 9*h - 19. Give g(j).
97
Let s(q) be the third derivative of -7*q**4/8 - 167*q**3/2 + 5*q**2 + 506*q. What is s(-24)?
3
Suppose -2175*q + 2171*q = 8. Let p(v) = 2*v**3 - 2*v - 1. Let s be (-2)/1 + (5 - 2). Let l(k) = k**2 + k - 1. Let o(g) = s*l(g) + p(g). Calculate o(q).
-12
Let g = -30 + 28. Let d(z) = 2*z**2 - 1 - 24*z + 26*z + 115*z**3 - 114*z**3. Determine d(g).
-5
Let h(c) = -5*c - 4. Let b(p) be the first derivative of 9*p**2/2 + 8*p - 155. Let q(y) = -6*b(y) - 11*h(y). What is q(-6)?
-10
Let q(k) = 223*k**2 + 5*k + 4. Let u(r) = 613*r**2 + 16*r + 11. Let o(g) = 11*q(g) - 4*u(g). What is o(8)?
-8
Let y(x) = -6*x - 22. Let r be (8 + -2)*8/(-12). Give y(r).
2
Let o(n) = 5*n**3 - 71*n**2 - 73*n - 20. Let z(v) = 4*v**3 - 64*v**2 - 74*v - 20. Let c(f) = 5*o(f) - 6*z(f). Determine c(-26).
-6
Suppose l + 24 = -3*l. Let q = 11 + l. Let m(y) = -8*y**2 + y + y**3 - 1 + q + 4*y**2. Give m(3).
-2
Let d(s) = 2*s**3 - 3*s**2 + s - 2. Let w(t) = t + 3. Let x = -36 + 38. Let g be w(x). Let p be (-1)/g*-5*2. Give d(p).
4
Let x(f) = f**2 + 2*f - 1. Let y(a) = -4*a**2 - 25*a + 5. Let w(n) = -2*x(n) - y(n). Give w(-9).
-30
Let c(b) = -4*b + 2. Let j(k) = k**2 + 40*k - 10. Let v(l) = -6*c(l) - j(l). Give v(-13).
37
Let b = 2370 - 2374. Let u(c) = c**3 + 4*c**2 - c - 7. What is u(b)?
-3
Suppose -5107*j = -5096*j. Let o(u) = 2*u + 3. Determine o(j).
3
Let j(g) = -4*g**2 + 15*g + 31. Let a be j(-6). Let o be (-1)/((-6)/(-8)) + a/(-87). Let d(i) = -3*i**3 + i**2 + i - 1. What is d(o)?
-2
Let n(x) be the first derivative of 7/2*x**2 + 5/6*x**3 - 1/12*x**4 + 11*x + 33